{"id":33,"date":"2013-01-26T22:21:42","date_gmt":"2013-01-26T21:21:42","guid":{"rendered":"http:\/\/www.thomas-seliger.de\/?page_id=33"},"modified":"2017-05-18T10:20:17","modified_gmt":"2017-05-18T09:20:17","slug":"startseite","status":"publish","type":"page","link":"https:\/\/www.thomas-seliger.de\/","title":{"rendered":"Home"},"content":{"rendered":"<p>Erste Versuche mit HTML und Webseitengestaltung unternahm ich 1993\/94 &#8211; auch wenn die Seiten \u00fcber die Uni bereits weltweit verf\u00fcgbar waren, war der Leserkreis damals noch deutlich eingeschr\u00e4nkt, denn f\u00fcr viele waren das noch b\u00f6hmische D\u00f6rfer.&nbsp; Nach 11 Jahren Abstinenz ging 2005 erst die Dom\u00e4ne <em>thomasseliger.de<\/em>, ab 2007 dann <em>thomas-seliger.de<\/em> an den Start. Anfangs waren die Seiten vom Design her noch reine HTML-Seiten mit zaghaften CSS-Elementen. Ab 2009 war mir das Pflegen der Seiten aber zu aufw\u00e4ndig geworden, so&nbsp;dass ich kurzerhand auf den Webbaukasten von web.de zur\u00fcckgriff.<\/p>\n<p>Nun, wenn man beim 0815-Standard blieb, funktionierte dieser leidlich, aber die Performance des Baukastens war letztlich nicht gut. Seit einiger Zeit ist bei meinem Hoster &#8222;web.de&#8220; auch MySQL und PHP endlich verf\u00fcgbar, so dass ein CMS wie jetzt WordPress sehr einfach zu betreiben ist.<\/p>\n<p>Jetzt stellt sich sicherlich der eine oder die andere die Frage: Warum macht der das? Es gibt doch social internet wie Facebook, Google+, Stayfriends, WKW&nbsp;und solche tollen Seiten&#8230; Nun, die Antwort ist einfach: \u00dcberraschend&nbsp;werden immer wieder die AGB angepa\u00dft, der Datenschutz wird gern zu Ungunsten des Nutzers aufgeweicht, so da\u00df man sich mehr mit der Administration\/Konfiguration besch\u00e4ftigen mu\u00df, als man denkt und letzlich gibt es auch noch Werbung, die auf einer privaten Webseite nun so garnichts zu suchen hat.<\/p>\n<p>Einerseits ist&nbsp;diese Webseite&nbsp;meine Visitenkarte f\u00fcr alle Neugierigen und andererseits soll sie f\u00fcr Freunde sein, die ich gern auf dem Laufenden halten und mit Ihnen ein paar nette Fotos und interessante Informationen teilen m\u00f6chte.<\/p>\n<p>Ab sofort wird die Webseite auch an verschiedenen Stellen Menschen gedenken, die mir \u00fcber alles wichtig waren und nicht in Vergessenheit geraden sollen. Denn: Auch wenn das Leben weitergeht, ohne Vergangenheit keine Zukunft!<\/p>\n<p><em>Euer\/Ihr Thomas Seliger<br \/>\n<\/em><\/p>\n<p style=\"text-align: right;\">M\u00e4rz 2014<\/p>\n","protected":false},"excerpt":{"rendered":"<p>Erste Versuche mit HTML und Webseitengestaltung unternahm ich 1993\/94 &#8211; auch wenn die Seiten \u00fcber die Uni bereits weltweit verf\u00fcgbar waren, war der Leserkreis damals noch deutlich eingeschr\u00e4nkt, denn f\u00fcr viele waren das noch b\u00f6hmische D\u00f6rfer.&nbsp; Nach 11 Jahren Abstinenz ging 2005 erst die Dom\u00e4ne thomasseliger.de, ab 2007 dann thomas-seliger.de &#8230;<\/p>\n","protected":false},"author":2,"featured_media":0,"parent":0,"menu_order":0,"comment_status":"closed","ping_status":"open","template":"","meta":{"ngg_post_thumbnail":0,"footnotes":""},"class_list":["post-33","page","type-page","status-publish","hentry","column","threecol"],"_links":{"self":[{"href":"https:\/\/www.thomas-seliger.de\/index.php?rest_route=\/wp\/v2\/pages\/33","targetHints":{"allow":["GET"]}}],"collection":[{"href":"https:\/\/www.thomas-seliger.de\/index.php?rest_route=\/wp\/v2\/pages"}],"about":[{"href":"https:\/\/www.thomas-seliger.de\/index.php?rest_route=\/wp\/v2\/types\/page"}],"author":[{"embeddable":true,"href":"https:\/\/www.thomas-seliger.de\/index.php?rest_route=\/wp\/v2\/users\/2"}],"replies":[{"embeddable":true,"href":"https:\/\/www.thomas-seliger.de\/index.php?rest_route=%2Fwp%2Fv2%2Fcomments&post=33"}],"version-history":[{"count":18,"href":"https:\/\/www.thomas-seliger.de\/index.php?rest_route=\/wp\/v2\/pages\/33\/revisions"}],"predecessor-version":[{"id":1682,"href":"https:\/\/www.thomas-seliger.de\/index.php?rest_route=\/wp\/v2\/pages\/33\/revisions\/1682"}],"wp:attachment":[{"href":"https:\/\/www.thomas-seliger.de\/index.php?rest_route=%2Fwp%2Fv2%2Fmedia&parent=33"}],"curies":[{"name":"wp","href":"https:\/\/api.w.org\/{rel}","templated":true}]}}